{"id":460,"date":"2022-01-19T20:49:50","date_gmt":"2022-01-19T19:49:50","guid":{"rendered":"http:\/\/web.zaiser-gartengestaltung.de\/?page_id=460"},"modified":"2025-02-25T17:47:06","modified_gmt":"2025-02-25T16:47:06","slug":"stellenangebote","status":"publish","type":"page","link":"https:\/\/zaiser-gartengestaltung.de\/staging\/stellenangebote\/","title":{"rendered":"Stellenangebote"},"content":{"rendered":"\t\t<div data-elementor-type=\"wp-page\" data-elementor-id=\"460\" class=\"elementor elementor-460\" data-elementor-post-type=\"page\">\n\t\t\t\t<div class=\"elementor-element elementor-element-6eeef26 e-con-full e-flex e-con e-parent\" data-id=\"6eeef26\" data-element_type=\"container\" data-settings=\"{&quot;background_background&quot;:&quot;classic&quot;}\">\n\t\t<div class=\"elementor-element elementor-element-787e6e9 e-con-full e-flex e-con e-child\" data-id=\"787e6e9\" data-element_type=\"container\" data-settings=\"{&quot;background_background&quot;:&quot;classic&quot;}\">\n\t\t\t\t<div class=\"elementor-element elementor-element-5cb2374 animated-slow elementor-invisible elementor-widget elementor-widget-heading\" data-id=\"5cb2374\" data-element_type=\"widget\" data-settings=\"{&quot;_animation&quot;:&quot;fadeIn&quot;}\" data-widget_type=\"heading.default\">\n\t\t\t\t<div class=\"elementor-widget-container\">\n\t\t\t\t\t<h1 class=\"elementor-heading-title elementor-size-default\">Stellenangebote<\/h1>\t\t\t\t<\/div>\n\t\t\t\t<\/div>\n\t\t\t\t<div class=\"elementor-element elementor-element-b0a09af elementor-widget-divider--view-line elementor-widget elementor-widget-divider\" data-id=\"b0a09af\" data-element_type=\"widget\" data-widget_type=\"divider.default\">\n\t\t\t\t<div class=\"elementor-widget-container\">\n\t\t\t\t\t\t\t<div class=\"elementor-divider\">\n\t\t\t<span class=\"elementor-divider-separator\">\n\t\t\t\t\t\t<\/span>\n\t\t<\/div>\n\t\t\t\t\t\t<\/div>\n\t\t\t\t<\/div>\n\t\t\t\t<\/div>\n\t\t\t\t<\/div>\n\t\t<div class=\"elementor-element elementor-element-69e0a55 e-flex e-con-boxed e-con e-parent\" data-id=\"69e0a55\" data-element_type=\"container\" data-settings=\"{&quot;background_background&quot;:&quot;classic&quot;}\">\n\t\t\t\t\t<div class=\"e-con-inner\">\n\t\t<div class=\"elementor-element elementor-element-c15ab3f e-con-full e-flex e-con e-child\" data-id=\"c15ab3f\" data-element_type=\"container\">\n\t\t\t\t<div class=\"elementor-element elementor-element-85957a1 elementor-widget elementor-widget-shortcode\" data-id=\"85957a1\" data-element_type=\"widget\" data-widget_type=\"shortcode.default\">\n\t\t\t\t<div class=\"elementor-widget-container\">\n\t\t\t\t\t\t\t<div class=\"elementor-shortcode\"><span><span><a href=\"https:\/\/zaiser-gartengestaltung.de\/staging\/\">Startseite<\/a><\/span><\/span><\/div>\n\t\t\t\t\t\t<\/div>\n\t\t\t\t<\/div>\n\t\t\t\t<\/div>\n\t\t\t\t\t<\/div>\n\t\t\t\t<\/div>\n\t\t<div class=\"elementor-element elementor-element-a08b985 e-flex e-con-boxed e-con e-parent\" data-id=\"a08b985\" data-element_type=\"container\">\n\t\t\t\t\t<div class=\"e-con-inner\">\n\t\t<div class=\"elementor-element elementor-element-ed10dd9 e-con-full e-flex e-con e-child\" data-id=\"ed10dd9\" data-element_type=\"container\">\n\t\t<div class=\"elementor-element elementor-element-3a1b4ab e-con-full e-flex e-con e-child\" data-id=\"3a1b4ab\" data-element_type=\"container\">\n\t\t<div class=\"elementor-element elementor-element-2a179dc e-con-full e-flex e-con e-child\" data-id=\"2a179dc\" data-element_type=\"container\">\n\t\t\t\t<div class=\"elementor-element elementor-element-9c1429f elementor-widget elementor-widget-html\" data-id=\"9c1429f\" data-element_type=\"widget\" data-widget_type=\"html.default\">\n\t\t\t\t<div class=\"elementor-widget-container\">\n\t\t\t\t\t <div class=\"joboffers-block\" data-bite-jobs-api-listing=\"zaiser-gartengestaltung:main-listing\"><\/div>\n\t\t\t\t<\/div>\n\t\t\t\t<\/div>\n\t\t\t\t<\/div>\n\t\t\t\t<\/div>\n\t\t\t\t<\/div>\n\t\t\t\t\t<\/div>\n\t\t\t\t<\/div>\n\t\t<div class=\"elementor-element elementor-element-c0a49f6 e-flex e-con-boxed e-con e-parent\" data-id=\"c0a49f6\" data-element_type=\"container\">\n\t\t\t\t\t<div class=\"e-con-inner\">\n\t\t<div class=\"elementor-element elementor-element-6dd940c e-con-full e-flex e-con e-child\" data-id=\"6dd940c\" data-element_type=\"container\">\n\t\t<div class=\"elementor-element elementor-element-89096d9 e-flex e-con-boxed e-con e-child\" data-id=\"89096d9\" data-element_type=\"container\">\n\t\t\t\t\t<div class=\"e-con-inner\">\n\t\t\t\t<div class=\"elementor-element elementor-element-d1282f7 elementor-widget elementor-widget-heading\" data-id=\"d1282f7\" data-element_type=\"widget\" data-widget_type=\"heading.default\">\n\t\t\t\t<div class=\"elementor-widget-container\">\n\t\t\t\t\t<h3 class=\"elementor-heading-title elementor-size-default\">Nichts passendes dabei?<\/h3>\t\t\t\t<\/div>\n\t\t\t\t<\/div>\n\t\t\t\t<div class=\"elementor-element elementor-element-dc853dc elementor-widget elementor-widget-text-editor\" data-id=\"dc853dc\" data-element_type=\"widget\" data-widget_type=\"text-editor.default\">\n\t\t\t\t<div class=\"elementor-widget-container\">\n\t\t\t\t\t\t\t\t\t<p>Gerne kannst Du uns eine Initiativbewerbung schicken.<\/p>\t\t\t\t\t\t\t\t<\/div>\n\t\t\t\t<\/div>\n\t\t\t\t\t<\/div>\n\t\t\t\t<\/div>\n\t\t<div class=\"elementor-element elementor-element-2a49001 e-flex e-con-boxed e-con e-child\" data-id=\"2a49001\" data-element_type=\"container\">\n\t\t\t\t\t<div class=\"e-con-inner\">\n\t\t\t\t<div class=\"elementor-element elementor-element-fcf42c9 elementor-align-justify elementor-widget elementor-widget-button\" data-id=\"fcf42c9\" data-element_type=\"widget\" data-widget_type=\"button.default\">\n\t\t\t\t<div class=\"elementor-widget-container\">\n\t\t\t\t\t\t\t\t\t<div class=\"elementor-button-wrapper\">\n\t\t\t\t\t<a class=\"elementor-button elementor-button-link elementor-size-sm\" href=\"https:\/\/jobs.zaiser-gartengestaltung.de\/de\/jobposting\/c8ca610c49b61be6f3d75a308a9e6ced0db72e7f2\/apply\" target=\"_blank\">\n\t\t\t\t\t\t<span class=\"elementor-button-content-wrapper\">\n\t\t\t\t\t\t<span class=\"elementor-button-icon\">\n\t\t\t\t<i aria-hidden=\"true\" class=\"fas fa-external-link-alt\"><\/i>\t\t\t<\/span>\n\t\t\t\t\t\t\t\t\t<span class=\"elementor-button-text\">Initiativbewerbung.<\/span>\n\t\t\t\t\t<\/span>\n\t\t\t\t\t<\/a>\n\t\t\t\t<\/div>\n\t\t\t\t\t\t\t\t<\/div>\n\t\t\t\t<\/div>\n\t\t\t\t\t<\/div>\n\t\t\t\t<\/div>\n\t\t\t\t<\/div>\n\t\t\t\t\t<\/div>\n\t\t\t\t<\/div>\n\t\t\t\t<section class=\"elementor-section elementor-top-section elementor-element elementor-element-3a74afcc elementor-section-content-middle elementor-section-boxed elementor-section-height-default elementor-section-height-default\" data-id=\"3a74afcc\" data-element_type=\"section\" data-settings=\"{&quot;background_background&quot;:&quot;classic&quot;}\">\n\t\t\t\t\t\t<div class=\"elementor-container elementor-column-gap-default\">\n\t\t\t\t\t<div class=\"elementor-column elementor-col-100 elementor-top-column elementor-element elementor-element-2a3674c3\" data-id=\"2a3674c3\" data-element_type=\"column\">\n\t\t\t<div class=\"elementor-widget-wrap elementor-element-populated\">\n\t\t\t\t\t\t<section class=\"elementor-section elementor-inner-section elementor-element elementor-element-14bd1ce5 elementor-section-boxed elementor-section-height-default elementor-section-height-default\" data-id=\"14bd1ce5\" data-element_type=\"section\">\n\t\t\t\t\t\t<div class=\"elementor-container elementor-column-gap-default\">\n\t\t\t\t\t<div class=\"elementor-column elementor-col-50 elementor-inner-column elementor-element elementor-element-1f42623c\" data-id=\"1f42623c\" data-element_type=\"column\">\n\t\t\t<div class=\"elementor-widget-wrap elementor-element-populated\">\n\t\t\t\t\t\t<div class=\"elementor-element elementor-element-53bfe62b elementor-widget elementor-widget-text-editor\" data-id=\"53bfe62b\" data-element_type=\"widget\" data-widget_type=\"text-editor.default\">\n\t\t\t\t<div class=\"elementor-widget-container\">\n\t\t\t\t\t\t\t\t\t<p><strong>Adresse<\/strong><\/p><p>Zaiser Gartengestaltung GmbH<br \/>Blaubeurer Stra\u00dfe 9<br \/>89134 Blaustein<\/p>\t\t\t\t\t\t\t\t<\/div>\n\t\t\t\t<\/div>\n\t\t\t\t<div class=\"elementor-element elementor-element-71ced71e elementor-icon-list--layout-traditional elementor-list-item-link-full_width elementor-widget elementor-widget-icon-list\" data-id=\"71ced71e\" data-element_type=\"widget\" data-widget_type=\"icon-list.default\">\n\t\t\t\t<div class=\"elementor-widget-container\">\n\t\t\t\t\t\t\t<ul class=\"elementor-icon-list-items\">\n\t\t\t\t\t\t\t<li class=\"elementor-icon-list-item\">\n\t\t\t\t\t\t\t\t\t\t\t<span class=\"elementor-icon-list-icon\">\n\t\t\t\t\t\t\t<i aria-hidden=\"true\" class=\"fas fa-phone-alt\"><\/i>\t\t\t\t\t\t<\/span>\n\t\t\t\t\t\t\t\t\t\t<span class=\"elementor-icon-list-text\">07304 417 14<\/span>\n\t\t\t\t\t\t\t\t\t<\/li>\n\t\t\t\t\t\t\t\t<li class=\"elementor-icon-list-item\">\n\t\t\t\t\t\t\t\t\t\t\t<span class=\"elementor-icon-list-icon\">\n\t\t\t\t\t\t\t<i aria-hidden=\"true\" class=\"fas fa-envelope\"><\/i>\t\t\t\t\t\t<\/span>\n\t\t\t\t\t\t\t\t\t\t<span class=\"elementor-icon-list-text\">info@zaiser-gartengestaltung.de<\/span>\n\t\t\t\t\t\t\t\t\t<\/li>\n\t\t\t\t\t\t<\/ul>\n\t\t\t\t\t\t<\/div>\n\t\t\t\t<\/div>\n\t\t\t\t\t<\/div>\n\t\t<\/div>\n\t\t\t\t<div class=\"elementor-column elementor-col-50 elementor-inner-column elementor-element elementor-element-4c7bff1d\" data-id=\"4c7bff1d\" data-element_type=\"column\">\n\t\t\t<div class=\"elementor-widget-wrap elementor-element-populated\">\n\t\t\t\t\t\t<div class=\"elementor-element elementor-element-1dcf2571 e-grid-align-left elementor-shape-rounded elementor-grid-0 elementor-widget elementor-widget-social-icons\" data-id=\"1dcf2571\" data-element_type=\"widget\" data-widget_type=\"social-icons.default\">\n\t\t\t\t<div class=\"elementor-widget-container\">\n\t\t\t\t\t\t\t<div class=\"elementor-social-icons-wrapper elementor-grid\">\n\t\t\t\t\t\t\t<span class=\"elementor-grid-item\">\n\t\t\t\t\t<a class=\"elementor-icon elementor-social-icon elementor-social-icon-facebook elementor-repeater-item-7db4efb\" href=\"https:\/\/www.facebook.com\/gartenbau.zaiser\" target=\"_blank\">\n\t\t\t\t\t\t<span class=\"elementor-screen-only\">Facebook<\/span>\n\t\t\t\t\t\t<i class=\"fab fa-facebook\"><\/i>\t\t\t\t\t<\/a>\n\t\t\t\t<\/span>\n\t\t\t\t\t\t\t<span class=\"elementor-grid-item\">\n\t\t\t\t\t<a class=\"elementor-icon elementor-social-icon elementor-social-icon-instagram elementor-repeater-item-ccc78de\" href=\"https:\/\/www.instagram.com\/zaiser_gartengestaltung\/\" target=\"_blank\">\n\t\t\t\t\t\t<span class=\"elementor-screen-only\">Instagram<\/span>\n\t\t\t\t\t\t<i class=\"fab fa-instagram\"><\/i>\t\t\t\t\t<\/a>\n\t\t\t\t<\/span>\n\t\t\t\t\t\t\t<span class=\"elementor-grid-item\">\n\t\t\t\t\t<a class=\"elementor-icon elementor-social-icon elementor-social-icon-youtube elementor-repeater-item-8e770a1\" href=\"https:\/\/www.youtube.com\/channel\/UCej8VyTrP78aK571zB5zwQQ\" target=\"_blank\">\n\t\t\t\t\t\t<span class=\"elementor-screen-only\">Youtube<\/span>\n\t\t\t\t\t\t<i class=\"fab fa-youtube\"><\/i>\t\t\t\t\t<\/a>\n\t\t\t\t<\/span>\n\t\t\t\t\t<\/div>\n\t\t\t\t\t\t<\/div>\n\t\t\t\t<\/div>\n\t\t\t\t\t<\/div>\n\t\t<\/div>\n\t\t\t\t\t<\/div>\n\t\t<\/section>\n\t\t\t\t\t<\/div>\n\t\t<\/div>\n\t\t\t\t\t<\/div>\n\t\t<\/section>\n\t\t\t\t<section class=\"elementor-section elementor-top-section elementor-element elementor-element-73fd3073 elementor-section-boxed elementor-section-height-default elementor-section-height-default\" data-id=\"73fd3073\" data-element_type=\"section\" data-settings=\"{&quot;background_background&quot;:&quot;classic&quot;}\">\n\t\t\t\t\t\t<div class=\"elementor-container elementor-column-gap-no\">\n\t\t\t\t\t<div class=\"elementor-column elementor-col-100 elementor-top-column elementor-element elementor-element-59d30455\" data-id=\"59d30455\" data-element_type=\"column\">\n\t\t\t<div class=\"elementor-widget-wrap elementor-element-populated\">\n\t\t\t\t\t\t<div class=\"elementor-element elementor-element-75fd823d elementor-widget elementor-widget-heading\" data-id=\"75fd823d\" data-element_type=\"widget\" data-widget_type=\"heading.default\">\n\t\t\t\t<div class=\"elementor-widget-container\">\n\t\t\t\t\t<h3 class=\"elementor-heading-title elementor-size-default\">So finden Sie uns<\/h3>\t\t\t\t<\/div>\n\t\t\t\t<\/div>\n\t\t\t\t\t<\/div>\n\t\t<\/div>\n\t\t\t\t\t<\/div>\n\t\t<\/section>\n\t\t\t\t<section class=\"elementor-section elementor-top-section elementor-element elementor-element-34c782db elementor-section-full_width elementor-section-height-default elementor-section-height-default\" data-id=\"34c782db\" data-element_type=\"section\" data-settings=\"{&quot;background_background&quot;:&quot;classic&quot;}\">\n\t\t\t\t\t\t<div class=\"elementor-container elementor-column-gap-no\">\n\t\t\t\t\t<div class=\"elementor-column elementor-col-100 elementor-top-column elementor-element elementor-element-34602ae9\" data-id=\"34602ae9\" data-element_type=\"column\">\n\t\t\t<div class=\"elementor-widget-wrap elementor-element-populated\">\n\t\t\t\t\t\t<div class=\"elementor-element elementor-element-60b15701 elementor-widget elementor-widget-html\" data-id=\"60b15701\" data-element_type=\"widget\" data-widget_type=\"html.default\">\n\t\t\t\t<div class=\"elementor-widget-container\">\n\t\t\t\t\t<iframe src=\"https:\/\/www.google.com\/maps\/embed?pb=!1m14!1m8!1m3!1d10592.101074107792!2d9.8917488!3d48.4176592!3m2!1i1024!2i768!4f13.1!3m3!1m2!1s0x0%3A0xb8196cf1c4f3059!2sZaiser%20Gartengestaltung!5e0!3m2!1sde!2sde!4v1635599312800!5m2!1sde!2sde\" width=\"600\" height=\"450\" style=\"border:0;\" allowfullscreen=\"\" loading=\"lazy\"><\/iframe>\t\t\t\t<\/div>\n\t\t\t\t<\/div>\n\t\t\t\t\t<\/div>\n\t\t<\/div>\n\t\t\t\t\t<\/div>\n\t\t<\/section>\n\t\t\t\t<\/div>\n\t\t","protected":false},"excerpt":{"rendered":"<p>Stellenangebote Nichts passendes dabei? Gerne kannst Du uns eine Initiativbewerbung schicken. Initiativbewerbung. Adresse Zaiser Gartengestaltung GmbHBlaubeurer Stra\u00dfe 989134 Blaustein 07304 417 14 info@zaiser-gartengestaltung.de Facebook Instagram Youtube So finden Sie uns<\/p>\n","protected":false},"author":1,"featured_media":0,"parent":0,"menu_order":0,"comment_status":"closed","ping_status":"closed","template":"","meta":{"footnotes":""},"class_list":["post-460","page","type-page","status-publish","hentry"],"yoast_head":"<!-- This site is optimized with the Yoast SEO plugin v24.8.1 - https:\/\/yoast.com\/wordpress\/plugins\/seo\/ -->\n<title>Stellenangebote | Zaiser Gartengestaltung<\/title>\n<meta name=\"description\" content=\"Wenn du gerne kreativ arbeitest, die Gestaltung von Au\u00dfenanlagen genau dein Ding ist und handwerkliches Geschick zu deinen St\u00e4rken z\u00e4hlt, dann bist du bei uns genau richtig\" \/>\n<meta name=\"robots\" content=\"noindex, follow, max-snippet:-1, max-image-preview:large, max-video-preview:-1\" \/>\n<meta property=\"og:locale\" content=\"de_DE\" \/>\n<meta property=\"og:type\" content=\"article\" \/>\n<meta property=\"og:title\" content=\"Stellenangebote | Zaiser Gartengestaltung\" \/>\n<meta property=\"og:description\" content=\"Wenn du gerne kreativ arbeitest, die Gestaltung von Au\u00dfenanlagen genau dein Ding ist und handwerkliches Geschick zu deinen St\u00e4rken z\u00e4hlt, dann bist du bei uns genau richtig\" \/>\n<meta property=\"og:url\" content=\"https:\/\/zaiser-gartengestaltung.de\/staging\/stellenangebote\/\" \/>\n<meta property=\"og:site_name\" content=\"Zaiser Gartengestaltung\" \/>\n<meta property=\"article:modified_time\" content=\"2025-02-25T16:47:06+00:00\" \/>\n<meta name=\"twitter:card\" content=\"summary_large_image\" \/>\n<meta name=\"twitter:label1\" content=\"Gesch\u00e4tzte Lesezeit\" \/>\n\t<meta name=\"twitter:data1\" content=\"1\u00a0Minute\" \/>\n<script type=\"application\/ld+json\" class=\"yoast-schema-graph\">{\"@context\":\"https:\/\/schema.org\",\"@graph\":[{\"@type\":\"WebPage\",\"@id\":\"https:\/\/zaiser-gartengestaltung.de\/staging\/stellenangebote\/\",\"url\":\"https:\/\/zaiser-gartengestaltung.de\/staging\/stellenangebote\/\",\"name\":\"Stellenangebote | Zaiser Gartengestaltung\",\"isPartOf\":{\"@id\":\"https:\/\/zaiser-gartengestaltung.de\/staging\/#website\"},\"datePublished\":\"2022-01-19T19:49:50+00:00\",\"dateModified\":\"2025-02-25T16:47:06+00:00\",\"description\":\"Wenn du gerne kreativ arbeitest, die Gestaltung von Au\u00dfenanlagen genau dein Ding ist und handwerkliches Geschick zu deinen St\u00e4rken z\u00e4hlt, dann bist du bei uns genau richtig\",\"breadcrumb\":{\"@id\":\"https:\/\/zaiser-gartengestaltung.de\/staging\/stellenangebote\/#breadcrumb\"},\"inLanguage\":\"de\",\"potentialAction\":[{\"@type\":\"ReadAction\",\"target\":[\"https:\/\/zaiser-gartengestaltung.de\/staging\/stellenangebote\/\"]}]},{\"@type\":\"BreadcrumbList\",\"@id\":\"https:\/\/zaiser-gartengestaltung.de\/staging\/stellenangebote\/#breadcrumb\",\"itemListElement\":[{\"@type\":\"ListItem\",\"position\":1,\"name\":\"Startseite\",\"item\":\"https:\/\/zaiser-gartengestaltung.de\/staging\/\"},{\"@type\":\"ListItem\",\"position\":2,\"name\":\"Stellenangebote\"}]},{\"@type\":\"WebSite\",\"@id\":\"https:\/\/zaiser-gartengestaltung.de\/staging\/#website\",\"url\":\"https:\/\/zaiser-gartengestaltung.de\/staging\/\",\"name\":\"Zaiser Gartengestaltung\",\"description\":\"Gartengestaltung ist unsere Inspiration\",\"publisher\":{\"@id\":\"https:\/\/zaiser-gartengestaltung.de\/staging\/#organization\"},\"potentialAction\":[{\"@type\":\"SearchAction\",\"target\":{\"@type\":\"EntryPoint\",\"urlTemplate\":\"https:\/\/zaiser-gartengestaltung.de\/staging\/?s={search_term_string}\"},\"query-input\":{\"@type\":\"PropertyValueSpecification\",\"valueRequired\":true,\"valueName\":\"search_term_string\"}}],\"inLanguage\":\"de\"},{\"@type\":\"Organization\",\"@id\":\"https:\/\/zaiser-gartengestaltung.de\/staging\/#organization\",\"name\":\"Zaiser Gartengestaltung\",\"url\":\"https:\/\/zaiser-gartengestaltung.de\/staging\/\",\"logo\":{\"@type\":\"ImageObject\",\"inLanguage\":\"de\",\"@id\":\"https:\/\/zaiser-gartengestaltung.de\/staging\/#\/schema\/logo\/image\/\",\"url\":\"https:\/\/zaiser-gartengestaltung.de\/staging\/wp-content\/uploads\/2022\/01\/zaiser_logo_w-png.webp\",\"contentUrl\":\"https:\/\/zaiser-gartengestaltung.de\/staging\/wp-content\/uploads\/2022\/01\/zaiser_logo_w-png.webp\",\"width\":400,\"height\":300,\"caption\":\"Zaiser Gartengestaltung\"},\"image\":{\"@id\":\"https:\/\/zaiser-gartengestaltung.de\/staging\/#\/schema\/logo\/image\/\"}}]}<\/script>\n<!-- \/ Yoast SEO plugin. -->","yoast_head_json":{"title":"Stellenangebote | Zaiser Gartengestaltung","description":"Wenn du gerne kreativ arbeitest, die Gestaltung von Au\u00dfenanlagen genau dein Ding ist und handwerkliches Geschick zu deinen St\u00e4rken z\u00e4hlt, dann bist du bei uns genau richtig","robots":{"index":"noindex","follow":"follow","max-snippet":"max-snippet:-1","max-image-preview":"max-image-preview:large","max-video-preview":"max-video-preview:-1"},"og_locale":"de_DE","og_type":"article","og_title":"Stellenangebote | Zaiser Gartengestaltung","og_description":"Wenn du gerne kreativ arbeitest, die Gestaltung von Au\u00dfenanlagen genau dein Ding ist und handwerkliches Geschick zu deinen St\u00e4rken z\u00e4hlt, dann bist du bei uns genau richtig","og_url":"https:\/\/zaiser-gartengestaltung.de\/staging\/stellenangebote\/","og_site_name":"Zaiser Gartengestaltung","article_modified_time":"2025-02-25T16:47:06+00:00","twitter_card":"summary_large_image","twitter_misc":{"Gesch\u00e4tzte Lesezeit":"1\u00a0Minute"},"schema":{"@context":"https:\/\/schema.org","@graph":[{"@type":"WebPage","@id":"https:\/\/zaiser-gartengestaltung.de\/staging\/stellenangebote\/","url":"https:\/\/zaiser-gartengestaltung.de\/staging\/stellenangebote\/","name":"Stellenangebote | Zaiser Gartengestaltung","isPartOf":{"@id":"https:\/\/zaiser-gartengestaltung.de\/staging\/#website"},"datePublished":"2022-01-19T19:49:50+00:00","dateModified":"2025-02-25T16:47:06+00:00","description":"Wenn du gerne kreativ arbeitest, die Gestaltung von Au\u00dfenanlagen genau dein Ding ist und handwerkliches Geschick zu deinen St\u00e4rken z\u00e4hlt, dann bist du bei uns genau richtig","breadcrumb":{"@id":"https:\/\/zaiser-gartengestaltung.de\/staging\/stellenangebote\/#breadcrumb"},"inLanguage":"de","potentialAction":[{"@type":"ReadAction","target":["https:\/\/zaiser-gartengestaltung.de\/staging\/stellenangebote\/"]}]},{"@type":"BreadcrumbList","@id":"https:\/\/zaiser-gartengestaltung.de\/staging\/stellenangebote\/#breadcrumb","itemListElement":[{"@type":"ListItem","position":1,"name":"Startseite","item":"https:\/\/zaiser-gartengestaltung.de\/staging\/"},{"@type":"ListItem","position":2,"name":"Stellenangebote"}]},{"@type":"WebSite","@id":"https:\/\/zaiser-gartengestaltung.de\/staging\/#website","url":"https:\/\/zaiser-gartengestaltung.de\/staging\/","name":"Zaiser Gartengestaltung","description":"Gartengestaltung ist unsere Inspiration","publisher":{"@id":"https:\/\/zaiser-gartengestaltung.de\/staging\/#organization"},"potentialAction":[{"@type":"SearchAction","target":{"@type":"EntryPoint","urlTemplate":"https:\/\/zaiser-gartengestaltung.de\/staging\/?s={search_term_string}"},"query-input":{"@type":"PropertyValueSpecification","valueRequired":true,"valueName":"search_term_string"}}],"inLanguage":"de"},{"@type":"Organization","@id":"https:\/\/zaiser-gartengestaltung.de\/staging\/#organization","name":"Zaiser Gartengestaltung","url":"https:\/\/zaiser-gartengestaltung.de\/staging\/","logo":{"@type":"ImageObject","inLanguage":"de","@id":"https:\/\/zaiser-gartengestaltung.de\/staging\/#\/schema\/logo\/image\/","url":"https:\/\/zaiser-gartengestaltung.de\/staging\/wp-content\/uploads\/2022\/01\/zaiser_logo_w-png.webp","contentUrl":"https:\/\/zaiser-gartengestaltung.de\/staging\/wp-content\/uploads\/2022\/01\/zaiser_logo_w-png.webp","width":400,"height":300,"caption":"Zaiser Gartengestaltung"},"image":{"@id":"https:\/\/zaiser-gartengestaltung.de\/staging\/#\/schema\/logo\/image\/"}}]}},"_links":{"self":[{"href":"https:\/\/zaiser-gartengestaltung.de\/staging\/wp-json\/wp\/v2\/pages\/460","targetHints":{"allow":["GET"]}}],"collection":[{"href":"https:\/\/zaiser-gartengestaltung.de\/staging\/wp-json\/wp\/v2\/pages"}],"about":[{"href":"https:\/\/zaiser-gartengestaltung.de\/staging\/wp-json\/wp\/v2\/types\/page"}],"author":[{"embeddable":true,"href":"https:\/\/zaiser-gartengestaltung.de\/staging\/wp-json\/wp\/v2\/users\/1"}],"replies":[{"embeddable":true,"href":"https:\/\/zaiser-gartengestaltung.de\/staging\/wp-json\/wp\/v2\/comments?post=460"}],"version-history":[{"count":56,"href":"https:\/\/zaiser-gartengestaltung.de\/staging\/wp-json\/wp\/v2\/pages\/460\/revisions"}],"predecessor-version":[{"id":3326,"href":"https:\/\/zaiser-gartengestaltung.de\/staging\/wp-json\/wp\/v2\/pages\/460\/revisions\/3326"}],"wp:attachment":[{"href":"https:\/\/zaiser-gartengestaltung.de\/staging\/wp-json\/wp\/v2\/media?parent=460"}],"curies":[{"name":"wp","href":"https:\/\/api.w.org\/{rel}","templated":true}]}}