{"id":2806,"date":"2025-01-21T14:33:55","date_gmt":"2025-01-21T13:33:55","guid":{"rendered":"https:\/\/zaiser-gartengestaltung.de\/versandarten\/"},"modified":"2025-04-15T08:18:56","modified_gmt":"2025-04-15T06:18:56","slug":"versandarten","status":"publish","type":"page","link":"https:\/\/zaiser-gartengestaltung.de\/staging\/versandarten\/","title":{"rendered":"Versandarten"},"content":{"rendered":"\t\t<div data-elementor-type=\"wp-page\" data-elementor-id=\"2806\" class=\"elementor elementor-2806\" data-elementor-post-type=\"page\">\n\t\t\t\t<div class=\"elementor-element elementor-element-2310f6d e-con-full e-flex e-con e-parent\" data-id=\"2310f6d\" data-element_type=\"container\" data-settings=\"{&quot;background_background&quot;:&quot;classic&quot;}\">\n\t\t\t\t<\/div>\n\t\t<div class=\"elementor-element elementor-element-f39c390 e-flex e-con-boxed e-con e-parent\" data-id=\"f39c390\" data-element_type=\"container\">\n\t\t\t\t\t<div class=\"e-con-inner\">\n\t\t\t\t<div class=\"elementor-element elementor-element-7c8ac5b elementor-widget elementor-widget-heading\" data-id=\"7c8ac5b\" data-element_type=\"widget\" data-widget_type=\"heading.default\">\n\t\t\t\t<div class=\"elementor-widget-container\">\n\t\t\t\t\t<h1 class=\"elementor-heading-title elementor-size-default\">Versand und Lieferung<\/h1>\t\t\t\t<\/div>\n\t\t\t\t<\/div>\n\t\t\t\t<div class=\"elementor-element elementor-element-030a31f elementor-widget elementor-widget-text-editor\" data-id=\"030a31f\" data-element_type=\"widget\" data-widget_type=\"text-editor.default\">\n\t\t\t\t<div class=\"elementor-widget-container\">\n\t\t\t\t\t\t\t\t\t<h3 class=\"\" data-start=\"100\" data-end=\"134\">Lieferung von Sch\u00fcttgut<\/h3><p class=\"\" data-start=\"205\" data-end=\"407\">Bitte beachten Sie, dass der Preis f\u00fcr Sch\u00fcttgut abh\u00e4ngig von der gew\u00e4hlten Lieferart ist. Es macht preislich einen Unterschied, ob das Material in <strong data-start=\"353\" data-end=\"365\">Big Bags<\/strong> geliefert oder <strong data-start=\"381\" data-end=\"399\">lose abgekippt<\/strong> wird.<\/p><p class=\"\" data-start=\"409\" data-end=\"590\">Zudem ben\u00f6tigen wir f\u00fcr die Organisation und Disposition Ihrer Lieferung einen <strong data-start=\"488\" data-end=\"526\">Vorlauf von mindestens einer Woche<\/strong>. Bitte planen Sie dies bei Ihrer Bestellung entsprechend ein.<\/p><p class=\"\" data-start=\"592\" data-end=\"709\">F\u00fcr R\u00fcckfragen zur Lieferart oder zur genauen Terminabsprache stehen wir Ihnen selbstverst\u00e4ndlich gern zur Verf\u00fcgung<\/p>\t\t\t\t\t\t\t\t<\/div>\n\t\t\t\t<\/div>\n\t\t\t\t<div class=\"elementor-element elementor-element-036fd0c elementor-widget elementor-widget-text-editor\" data-id=\"036fd0c\" data-element_type=\"widget\" data-widget_type=\"text-editor.default\">\n\t\t\t\t<div class=\"elementor-widget-container\">\n\t\t\t\t\t\t\t\t\t<p><strong>Abladeplatz:<\/strong><\/p><p><strong>Vor der Lieferung vereinbaren wir gemeinsam einen geeigneten Abladeplatz, damit die Anlieferung reibungslos erfolgt.<\/strong><\/p><p>Die Zufahrt zur Abkippstelle muss f\u00fcr schwere LKW geeignet sein. Der LKW ben\u00f6tigt mehrere Meter Platz zum Rangieren.<\/p>\t\t\t\t\t\t\t\t<\/div>\n\t\t\t\t<\/div>\n\t\t\t\t<div class=\"elementor-element elementor-element-c44ad7f elementor-widget elementor-widget-text-editor\" data-id=\"c44ad7f\" data-element_type=\"widget\" data-widget_type=\"text-editor.default\">\n\t\t\t\t<div class=\"elementor-widget-container\">\n\t\t\t\t\t\t\t\t\t<h3>Besondere Lieferbedingungen f\u00fcr Bigbags<\/h3><p>Bigbags k\u00f6nnen ausschlie\u00dflich \u00fcber die Funktion <strong data-start=\"294\" data-end=\"316\">\u201eAngebot anfragen\u201c<\/strong> bestellt werden. Ein verbindlicher Kaufvertrag kommt erst mit Annahme des individuellen Angebots durch den Kunden zustande.<\/p><p><strong>Hinweis zu Abladebedingungen:<\/strong><br \/>Je nach Art und Umfang der angefragten Lieferung \u2013 insbesondere bei gr\u00f6\u00dferen Mengen \u2013 kann das Abladen der Bigbags vor Ort den Einsatz eines geeigneten Entladeger\u00e4ts (z.\u202fB. Kran oder Radlader) erforderlich machen.<\/p><p><strong>Die Entladung erfolgt grunds\u00e4tzlich nicht durch den Fahrer der Lieferung.<\/strong><br \/>Sofern kein geeignetes Entladeger\u00e4t am Lieferort vorhanden ist, kann ein entsprechender Entladeservice \u00fcber uns organisiert werden. <strong data-start=\"907\" data-end=\"1032\">Die hierdurch entstehenden Zusatzkosten werden im Angebot gesondert ausgewiesen und sind nicht im Produktpreis enthalten.<\/strong><\/p><p>Bitte informieren Sie uns im Rahmen der Angebotsanfrage, ob am Lieferort bereits ein geeignetes Entladeger\u00e4t vorhanden ist oder ein Entladeservice durch uns gew\u00fcnscht wird.<\/p><p><strong>Ohne entsprechende Vorkehrungen kann eine Anlieferung ggf. nicht erfolgen oder zu Wartezeiten f\u00fchren, die gesondert in Rechnung gestellt werden k\u00f6nnen.<\/strong><\/p><p>F\u00fcr R\u00fcckfragen zu Lieferbedingungen, technischen Anforderungen oder Abladeoptionen stehen wir Ihnen gerne zur Verf\u00fcgung.<\/p>\t\t\t\t\t\t\t\t<\/div>\n\t\t\t\t<\/div>\n\t\t\t\t<div class=\"elementor-element elementor-element-41f5d3c elementor-widget-divider--view-line elementor-widget elementor-widget-divider\" data-id=\"41f5d3c\" data-element_type=\"widget\" data-widget_type=\"divider.default\">\n\t\t\t\t<div class=\"elementor-widget-container\">\n\t\t\t\t\t\t\t<div class=\"elementor-divider\">\n\t\t\t<span class=\"elementor-divider-separator\">\n\t\t\t\t\t\t<\/span>\n\t\t<\/div>\n\t\t\t\t\t\t<\/div>\n\t\t\t\t<\/div>\n\t\t\t\t<div class=\"elementor-element elementor-element-b94e109 elementor-widget elementor-widget-text-editor\" data-id=\"b94e109\" data-element_type=\"widget\" data-widget_type=\"text-editor.default\">\n\t\t\t\t<div class=\"elementor-widget-container\">\n\t\t\t\t\t\t\t\t\t<div class=\"elementor-element elementor-element-99d7894 elementor-widget elementor-widget-text-editor\" data-id=\"99d7894\" data-element_type=\"widget\" data-settings=\"{&quot;_animation&quot;:&quot;none&quot;,&quot;_animation_delay&quot;:1000}\" data-widget_type=\"text-editor.default\"><div class=\"elementor-widget-container\">\u00a0<\/div><\/div><h3 class=\"\" data-start=\"530\" data-end=\"564\"><strong data-start=\"534\" data-end=\"562\">Versand von D\u00fcngemitteln und Gala Protect\u00ae<\/strong><\/h3><p class=\"\" data-start=\"565\" data-end=\"669\">Produkte aus der Kategorie <strong data-start=\"592\" data-end=\"602\">D\u00fcnger, Abdeckmaterial und. Saatgut<\/strong>\u00a0sind <strong data-start=\"608\" data-end=\"629\">versandkostenfrei<\/strong> und werden per Paketdienst versendet.<\/p><p class=\"\" data-start=\"671\" data-end=\"759\">F\u00fcr Fragen zu unseren Versandbedingungen stehen wir Ihnen jederzeit gerne zur Verf\u00fcgung.<\/p>\t\t\t\t\t\t\t\t<\/div>\n\t\t\t\t<\/div>\n\t\t\t\t\t<\/div>\n\t\t\t\t<\/div>\n\t\t\t\t<\/div>\n\t\t","protected":false},"excerpt":{"rendered":"<p>Versand und Lieferung Lieferung von Sch\u00fcttgut Bitte beachten Sie, dass der Preis f\u00fcr Sch\u00fcttgut abh\u00e4ngig von der gew\u00e4hlten Lieferart ist. Es macht preislich einen Unterschied, ob das Material in Big Bags geliefert oder lose abgekippt wird. Zudem ben\u00f6tigen wir f\u00fcr die Organisation und Disposition Ihrer Lieferung einen Vorlauf von mindestens einer Woche. Bitte planen Sie [&hellip;]<\/p>\n","protected":false},"author":1,"featured_media":0,"parent":0,"menu_order":0,"comment_status":"closed","ping_status":"closed","template":"","meta":{"footnotes":""},"class_list":["post-2806","page","type-page","status-publish","hentry"],"yoast_head":"<!-- This site is optimized with the Yoast SEO plugin v24.8.1 - https:\/\/yoast.com\/wordpress\/plugins\/seo\/ -->\n<title>Versandarten | Zaiser Gartengestaltung<\/title>\n<meta name=\"robots\" content=\"noindex, follow, max-snippet:-1, max-image-preview:large, max-video-preview:-1\" \/>\n<meta property=\"og:locale\" content=\"de_DE\" \/>\n<meta property=\"og:type\" content=\"article\" \/>\n<meta property=\"og:title\" content=\"Versandarten | Zaiser Gartengestaltung\" \/>\n<meta property=\"og:description\" content=\"Versand und Lieferung Lieferung von Sch\u00fcttgut Bitte beachten Sie, dass der Preis f\u00fcr Sch\u00fcttgut abh\u00e4ngig von der gew\u00e4hlten Lieferart ist. Es macht preislich einen Unterschied, ob das Material in Big Bags geliefert oder lose abgekippt wird. Zudem ben\u00f6tigen wir f\u00fcr die Organisation und Disposition Ihrer Lieferung einen Vorlauf von mindestens einer Woche. Bitte planen Sie [&hellip;]\" \/>\n<meta property=\"og:url\" content=\"https:\/\/zaiser-gartengestaltung.de\/staging\/versandarten\/\" \/>\n<meta property=\"og:site_name\" content=\"Zaiser Gartengestaltung\" \/>\n<meta property=\"article:modified_time\" content=\"2025-04-15T06:18:56+00:00\" \/>\n<meta name=\"twitter:card\" content=\"summary_large_image\" \/>\n<meta name=\"twitter:label1\" content=\"Gesch\u00e4tzte Lesezeit\" \/>\n\t<meta name=\"twitter:data1\" content=\"2\u00a0Minuten\" \/>\n<script type=\"application\/ld+json\" class=\"yoast-schema-graph\">{\"@context\":\"https:\/\/schema.org\",\"@graph\":[{\"@type\":\"WebPage\",\"@id\":\"https:\/\/zaiser-gartengestaltung.de\/staging\/versandarten\/\",\"url\":\"https:\/\/zaiser-gartengestaltung.de\/staging\/versandarten\/\",\"name\":\"Versandarten | Zaiser Gartengestaltung\",\"isPartOf\":{\"@id\":\"https:\/\/zaiser-gartengestaltung.de\/staging\/#website\"},\"datePublished\":\"2025-01-21T13:33:55+00:00\",\"dateModified\":\"2025-04-15T06:18:56+00:00\",\"breadcrumb\":{\"@id\":\"https:\/\/zaiser-gartengestaltung.de\/staging\/versandarten\/#breadcrumb\"},\"inLanguage\":\"de\",\"potentialAction\":[{\"@type\":\"ReadAction\",\"target\":[\"https:\/\/zaiser-gartengestaltung.de\/staging\/versandarten\/\"]}]},{\"@type\":\"BreadcrumbList\",\"@id\":\"https:\/\/zaiser-gartengestaltung.de\/staging\/versandarten\/#breadcrumb\",\"itemListElement\":[{\"@type\":\"ListItem\",\"position\":1,\"name\":\"Startseite\",\"item\":\"https:\/\/zaiser-gartengestaltung.de\/staging\/\"},{\"@type\":\"ListItem\",\"position\":2,\"name\":\"Versandarten\"}]},{\"@type\":\"WebSite\",\"@id\":\"https:\/\/zaiser-gartengestaltung.de\/staging\/#website\",\"url\":\"https:\/\/zaiser-gartengestaltung.de\/staging\/\",\"name\":\"Zaiser Gartengestaltung\",\"description\":\"Gartengestaltung ist unsere Inspiration\",\"publisher\":{\"@id\":\"https:\/\/zaiser-gartengestaltung.de\/staging\/#organization\"},\"potentialAction\":[{\"@type\":\"SearchAction\",\"target\":{\"@type\":\"EntryPoint\",\"urlTemplate\":\"https:\/\/zaiser-gartengestaltung.de\/staging\/?s={search_term_string}\"},\"query-input\":{\"@type\":\"PropertyValueSpecification\",\"valueRequired\":true,\"valueName\":\"search_term_string\"}}],\"inLanguage\":\"de\"},{\"@type\":\"Organization\",\"@id\":\"https:\/\/zaiser-gartengestaltung.de\/staging\/#organization\",\"name\":\"Zaiser Gartengestaltung\",\"url\":\"https:\/\/zaiser-gartengestaltung.de\/staging\/\",\"logo\":{\"@type\":\"ImageObject\",\"inLanguage\":\"de\",\"@id\":\"https:\/\/zaiser-gartengestaltung.de\/staging\/#\/schema\/logo\/image\/\",\"url\":\"https:\/\/zaiser-gartengestaltung.de\/staging\/wp-content\/uploads\/2022\/01\/zaiser_logo_w-png.webp\",\"contentUrl\":\"https:\/\/zaiser-gartengestaltung.de\/staging\/wp-content\/uploads\/2022\/01\/zaiser_logo_w-png.webp\",\"width\":400,\"height\":300,\"caption\":\"Zaiser Gartengestaltung\"},\"image\":{\"@id\":\"https:\/\/zaiser-gartengestaltung.de\/staging\/#\/schema\/logo\/image\/\"}}]}<\/script>\n<!-- \/ Yoast SEO plugin. -->","yoast_head_json":{"title":"Versandarten | Zaiser Gartengestaltung","robots":{"index":"noindex","follow":"follow","max-snippet":"max-snippet:-1","max-image-preview":"max-image-preview:large","max-video-preview":"max-video-preview:-1"},"og_locale":"de_DE","og_type":"article","og_title":"Versandarten | Zaiser Gartengestaltung","og_description":"Versand und Lieferung Lieferung von Sch\u00fcttgut Bitte beachten Sie, dass der Preis f\u00fcr Sch\u00fcttgut abh\u00e4ngig von der gew\u00e4hlten Lieferart ist. Es macht preislich einen Unterschied, ob das Material in Big Bags geliefert oder lose abgekippt wird. Zudem ben\u00f6tigen wir f\u00fcr die Organisation und Disposition Ihrer Lieferung einen Vorlauf von mindestens einer Woche. Bitte planen Sie [&hellip;]","og_url":"https:\/\/zaiser-gartengestaltung.de\/staging\/versandarten\/","og_site_name":"Zaiser Gartengestaltung","article_modified_time":"2025-04-15T06:18:56+00:00","twitter_card":"summary_large_image","twitter_misc":{"Gesch\u00e4tzte Lesezeit":"2\u00a0Minuten"},"schema":{"@context":"https:\/\/schema.org","@graph":[{"@type":"WebPage","@id":"https:\/\/zaiser-gartengestaltung.de\/staging\/versandarten\/","url":"https:\/\/zaiser-gartengestaltung.de\/staging\/versandarten\/","name":"Versandarten | Zaiser Gartengestaltung","isPartOf":{"@id":"https:\/\/zaiser-gartengestaltung.de\/staging\/#website"},"datePublished":"2025-01-21T13:33:55+00:00","dateModified":"2025-04-15T06:18:56+00:00","breadcrumb":{"@id":"https:\/\/zaiser-gartengestaltung.de\/staging\/versandarten\/#breadcrumb"},"inLanguage":"de","potentialAction":[{"@type":"ReadAction","target":["https:\/\/zaiser-gartengestaltung.de\/staging\/versandarten\/"]}]},{"@type":"BreadcrumbList","@id":"https:\/\/zaiser-gartengestaltung.de\/staging\/versandarten\/#breadcrumb","itemListElement":[{"@type":"ListItem","position":1,"name":"Startseite","item":"https:\/\/zaiser-gartengestaltung.de\/staging\/"},{"@type":"ListItem","position":2,"name":"Versandarten"}]},{"@type":"WebSite","@id":"https:\/\/zaiser-gartengestaltung.de\/staging\/#website","url":"https:\/\/zaiser-gartengestaltung.de\/staging\/","name":"Zaiser Gartengestaltung","description":"Gartengestaltung ist unsere Inspiration","publisher":{"@id":"https:\/\/zaiser-gartengestaltung.de\/staging\/#organization"},"potentialAction":[{"@type":"SearchAction","target":{"@type":"EntryPoint","urlTemplate":"https:\/\/zaiser-gartengestaltung.de\/staging\/?s={search_term_string}"},"query-input":{"@type":"PropertyValueSpecification","valueRequired":true,"valueName":"search_term_string"}}],"inLanguage":"de"},{"@type":"Organization","@id":"https:\/\/zaiser-gartengestaltung.de\/staging\/#organization","name":"Zaiser Gartengestaltung","url":"https:\/\/zaiser-gartengestaltung.de\/staging\/","logo":{"@type":"ImageObject","inLanguage":"de","@id":"https:\/\/zaiser-gartengestaltung.de\/staging\/#\/schema\/logo\/image\/","url":"https:\/\/zaiser-gartengestaltung.de\/staging\/wp-content\/uploads\/2022\/01\/zaiser_logo_w-png.webp","contentUrl":"https:\/\/zaiser-gartengestaltung.de\/staging\/wp-content\/uploads\/2022\/01\/zaiser_logo_w-png.webp","width":400,"height":300,"caption":"Zaiser Gartengestaltung"},"image":{"@id":"https:\/\/zaiser-gartengestaltung.de\/staging\/#\/schema\/logo\/image\/"}}]}},"_links":{"self":[{"href":"https:\/\/zaiser-gartengestaltung.de\/staging\/wp-json\/wp\/v2\/pages\/2806","targetHints":{"allow":["GET"]}}],"collection":[{"href":"https:\/\/zaiser-gartengestaltung.de\/staging\/wp-json\/wp\/v2\/pages"}],"about":[{"href":"https:\/\/zaiser-gartengestaltung.de\/staging\/wp-json\/wp\/v2\/types\/page"}],"author":[{"embeddable":true,"href":"https:\/\/zaiser-gartengestaltung.de\/staging\/wp-json\/wp\/v2\/users\/1"}],"replies":[{"embeddable":true,"href":"https:\/\/zaiser-gartengestaltung.de\/staging\/wp-json\/wp\/v2\/comments?post=2806"}],"version-history":[{"count":16,"href":"https:\/\/zaiser-gartengestaltung.de\/staging\/wp-json\/wp\/v2\/pages\/2806\/revisions"}],"predecessor-version":[{"id":4254,"href":"https:\/\/zaiser-gartengestaltung.de\/staging\/wp-json\/wp\/v2\/pages\/2806\/revisions\/4254"}],"wp:attachment":[{"href":"https:\/\/zaiser-gartengestaltung.de\/staging\/wp-json\/wp\/v2\/media?parent=2806"}],"curies":[{"name":"wp","href":"https:\/\/api.w.org\/{rel}","templated":true}]}}